 ((-4)/(-5))/(5/1475*2). Let d = g - 112. Calculate the remainder when 27 is divided by d.
3
Suppose -4*p + 40 = -4*x, 0 = 3*p + 4*x - 3*x - 22. Suppose 3*a + m = 346, -a + 4*m + 67 + 70 = 0. What is the remainder when a is divided by p?
5
Let r = 48 + -73. Let i = r - -29. Calculate the remainder when (-26)/i*(-5 + -1) is divided by 10.
9
Let c(f) = f**3 - 3*f**2 + 4*f. Let i be c(4). Suppose i*g - 690 = 22*g. What is the remainder when g is divided by 39?
30
Let f = -917 + 2210. Suppose -23*m = -363 - f. Calculate the remainder when m is divided by 39.
33
Let n(c) = c**3 + 11*c**2 + 8. Let a be n(-8). Suppose 47 = -v + a. Calculate the remainder when v is divided by (3 - 34)/(5/(-5)).
29
Suppose 6*v - 7*v - 100 = -5*j, 2*v - 52 = -2*j. Calculate the remainder when (2 + 39)/(4/4) is divided by j.
20
Suppose -46*q = -858 - 5715 + 823. Calculate the remainder when 146 is divided by q.
21
Let m = -1 + 16. Let r(o) = o**3 - 36*o**2 - 69*o + 29. Let g be r(38). Let w = g - 286. What is the remainder when m is divided by w?
6
Suppose 2*m + 351 = s + 73, m - 5 = 0. Suppose -2*j + 22 = -j. Calculate the remainder when j is divided by (s/(-108))/((-4)/24*4).
2
Let w(k) = -2*k**3 + 8*k**2 + 26*k + 19. Calculate the remainder when w(-3) is divided by ((-1)/3)/((-6)/54).
1
Let k be 1/(-1*3/(-9)). Suppose -4*j - 21 - 46 = -d, k*d - 5*j - 194 = 0. Calculate the remainder when 80 is divided by d.
17
Suppose 3*c = d + 5, 2*d = -4*c - c + 12. Suppose -c*b = -7*b + 925. Let v(s) = 10*s - 29. Calculate the remainder when b is divided by v(4).
9
Calculate the remainder when 251 is divided by 78/(-4)*-2*(-19)/(-57).
4
Calculate the remainder when -10 + 49/(3 + 4) + 7341 + 7 is divided by 93.
91
Let j be (-2)/(-1 - -3)*(-6)/(-3). Let z = j - -10. Let c(k) = 10*k - 42. What is the remainder when 73 is divided by c(z)?
35
Let n(t) = -t**3 - 7*t**2 - 14*t + 10. Suppose -4*k - k - 37 = -4*o, -k + 4*o = 17. Calculate the remainder when (4 - 1)/((-3)/(-58)) is divided by n(k).
28
Suppose 4*g - 270 = -4*h + 1202, 2*g = 5*h + 736. Let m = g + 362. Suppose 5*v = -2*s + 117 + 210, 5*v = 5*s - m. What is the remainder when s is divided by 22?
19
Let i(g) = -124*g + 7164. Suppose 2*w = -5*k + w + 166, -31 = -k + 2*w. What is the remainder when i(57) is divided by k?
30
Calculate the remainder when 2515 is divided by (756/(-20))/(3/(120/(-8) + 5)).
121
Suppose -57995 = -553*u + 3*u - 10695. What is the remainder when u is divided by (-20)/1*2/(-2)?
6
Suppose -3*u + 61 = l - 6*u, 4*u + 250 = 5*l. Calculate the remainder when 478 is divided by l.
18
Suppose 0*b + 105 = 3*b. Suppose -4*s + 6658 = -4*c + c, -4*c = -4*s + 6656. Let k = -1645 + s. Calculate the remainder when b is divided by k.
14
Let w be (2 - (-21)/(-28))*4. What is the remainder when 43 is divided by w - 42/((-49)/7)?
10
Let d(o) = 4*o - 69. Let l be d(20). Let q = l + -7. Let a(g) = -g**2 - 8*g - 7. Calculate the remainder when a(-6) is divided by q.
1
Let r(f) = f**3 - 21*f**2 + 4*f - 51. Let c = 360 - 351. Calculate the remainder when r(21) is divided by c.
6
Let a(h) be the third derivative of h**6/120 - h**5/12 + 19*h**3/3 - h**2 - 46*h. What is the remainder when 129 is divided by a(4)?
19
Let v = -998 + 1063. Let u = 18 - 15. Suppose 3*q - 100 = -5*t - 2*q, -u*t - q = -68. Calculate the remainder when v is divided by t.
17
Let l(k) = k**2 - 9*k - 33. Let x be l(12). Suppose -36*p + x*p + 2508 = 0. What is the remainder when 86 is divided by p?
10
Suppose 226 = 27*z - 1286. Calculate the remainder when 110 is divided by z.
54
Let t(p) = -p**2 + 8*p + 2. Let w = 12 - -18. Suppose w = -8*a + 13*a. Calculate the remainder when 41 is divided by t(a).
13
Let u(h) = -9*h + 29. What is the remainder when u(-6) is divided by (10/25)/((9/210)/3)?
27
What is the remainder when 1627 is divided by (1*6)/((-513)/(-3762))?
43
Suppose 3*i - 123 = -38*i. Suppose -3*x = -7*x + 88. Calculate the remainder when i + -2 + 4900/25 is divided by x.
21
Let x = 18383 + -18083. What is the remainder when 930 is divided by x?
30
Suppose -49*v + 362 = s - 53*v, 5*s = 5*v + 1840. Calculate the remainder when s is divided by 135.
100
Let q be (-1)/3 + (-343)/(-21). Suppose q*a = 15*a + 29. What is the remainder when ((-4)/(-6) - 0)/((-6)/(-2070)) is divided by a?
27
Let y = 7783 - 7761. Calculate the remainder when 91 is divided by y.
3
Let y be 2 + 2*(119 - 4). Let n = y + -197. Calculate the remainder when 1/(-2) - (-205)/2 is divided by n.
32
Let h be 5 - ((-8)/(-4) - 195). Suppose 5*g = -13*g + h. What is the remainder when 19 is divided by g?
8
Let o(u) = -6*u + 6. Let b be o(-17). Suppose v = -3*v + b. What is the remainder when ((-22)/6)/(1/(-21)) is divided by v?
23
Suppose -133*d = -103*d - 1140. Let b = 437 + -137. What is the remainder when b is divided by d?
34
Suppose 0 = 52*p - 48*p - 304. Let n(v) = -12*v - 2. Let i(z) = 8*z + 1. Let u(x) = -8*i(x) - 5*n(x). What is the remainder when p is divided by u(-6)?
24
Let s(g) = -72*g - 349. Calculate the remainder when s(-8) is divided by 111.
5
Let h(x) = x**3 + 51*x**2 - 103*x + 201. Calculate the remainder when 4911 is divided by h(-53).
39
Suppose 207*q = -201*q + 410*q - 22460. What is the remainder when q is divided by 216?
214
Let p = -7 + 8. Let i = -5 + 16. Calculate the remainder when (40 + (p - -1))/(-14 + 16) is divided by i.
10
Let r(p) = 171*p - 561. Let i = 547 + -543. What is the remainder when r(i) is divided by (18/(-8))/((-2)/56)?
60
Let m(l) = 270*l**3 - 3*l + 2. Let a = 6 - 5. Calculate the remainder when m(a) is divided by 27.
26
Suppose x - 35 = -31. Let y(c) = -2634 + c + 2*c + 2630. What is the remainder when 35 is divided by y(x)?
3
Suppose 4279 = 91*b - 27662. What is the remainder when b is divided by 61?
46
Let l = -2602 + 2699. What is the remainder when 385 is divided by l?
94
Calculate the remainder when 7*(-22)/(1078/(-497)) is divided by 12.
11
Let n = -6 - -10. What is the remainder when (-218)/(-6) + 5/3 is divided by n?
2
Suppose 4*w - 10 = 3*w. Suppose 0 = -4*h - 2*o + w, -20 = -3*h + 2*o - 9. Let n = -577 + 582. What is the remainder when n is divided by h?
2
Let d(v) = -4*v + 40. Suppose 0 = 8*p - 11*p. Suppose p = -43*q + 46*q + 12. Calculate the remainder when d(q) is divided by 15.
11
Suppose 4*o - 21 = -5*i + 5, 0 = -5*o + 20. Let h = i - -42. Calculate the remainder when 140 is divided by h.
8
Let u(c) = -2*c**2 + 16*c - 20. Let x(n) = 3*n**2 - 3*n. Let t be x(-4). Let i = 119 - t. What is the remainder when i is divided by u(5)?
9
Suppose 7*z - 6 = 4*z, -3*y - 3*z + 558 = 0. What is the remainder when y is divided by 37?
36
Suppose 0*l - 4*l = -2*j - 4, -l - 4 = -3*j. Suppose -l*v + 1 + 15 = 0. Suppose v*q = -q + 234. Calculate the remainder when q is divided by 7.
5
What is the remainder when 1028 is divided by 5 + (-32 - -34)*(-9)/(-6)?
4
Let i(h) = h**3 + 16*h**2 - 24*h - 306. Calculate the remainder when i(-11) is divided by 244.
75
Let l = -3 + -38. Let u = -14 - l. Let h = -515 + 526. What is the remainder when u is divided by h?
5
Let k = -14925 + 23546. Calculate the remainder when k is divided by 125.
121
Let t be (-77086)/(-11) - (-70)/385. Suppose 18*h - t = -14*h. What is the remainder when h is divided by 6?
3
Let p(k) = k**3 + 5*k**2 - k + 4. Let x(q) = 3*q + 43. Let r be x(-13). Calculate the remainder when p(-4) is divided by 54/8 + -1 + 5/r.
3
Let k = 4504 + 1089. Suppose 0 = -48*w + 887 + k. Calculate the remainder when w is divided by 28.
23
Let l = 13 - 7. Let k(m) = 20*m**3 + 3*m**2 + 2*m + 1. Let c be k(-3). Let p = 525 + c. What is the remainder when p is divided by l?
1
What is the remainder when (-7469)/(-4) + -6 - 55/44 is divided by 38?
36
Suppose 1037*z - 1082*z = -156330. Calculate the remainder when z is divided by 15.
9
Let h be (1 + 24/(-9))/(7/(-42)). Suppose -h*y + 288 = -y. Suppose 2*x - y = -2*x. What is the remainder when x is divided by 3?
2
Let k = 84 - 212. Let i = k + 262. What is the remainder when i is divided by 23?
19
Suppose -14*r = -1311 + 37. What is the remainder when 1924 is divided by r?
13
Suppose 16*z = 23*z + 97*z - 13000. Calculate the remainder when 137 is divided by z.
12
Let n = 211540 - 211036. Let c(k) = 2*k**2 - k. What is the remainder when n is divided by c(3)?
9
Let